iple of 40?
False
Is 47 a factor of 595979?
False
Is 4277200 a multiple of 925?
True
Is 455336 a multiple of 7?
True
Is 775858 a multiple of 8?
False
Is 930602 a multiple of 233?
True
Is 2047611 a multiple of 57?
True
Does 547 divide 33275104?
True
Does 11 divide 50908?
True
Is 14 a factor of 1445739?
False
Is 3108021 a multiple of 147?
True
Does 28 divide 729111?
False
Is 383 a factor of 42130?
True
Does 19 divide 8400?
False
Does 85 divide 467755?
True
Is 3925087 a multiple of 33?
False
Is 24 a factor of 15288?
True
Does 28 divide 69748?
True
Is 115 a factor of 318080?
False
Is 37 a factor of 118881?
True
Does 23 divide 217143?
True
Is 138286 a multiple of 236?
False
Is 5066104 a multiple of 328?
False
Is 35 a factor of 360745?
True
Does 88 divide 100232?
True
Is 1920396 a multiple of 7?
False
Is 653057 a multiple of 169?
False
Is 8584065 a multiple of 4?
False
Is 103318 a multiple of 47?
False
Is 34 a factor of 117471?
False
Is 459305 a multiple of 7?
True
Is 3 a factor of 118224?
True
Is 395 a factor of 7069099?
False
Is 85 a factor of 564145?
True
Is 470 a factor of 836600?
True
Does 76 divide 8393896?
True
Is 64 a factor of 136576?
True
Is 680 a factor of 1308663?
False
Does 29 divide 39875?
True
Does 534 divide 3299586?
True
Is 4890648 a multiple of 172?
True
Is 3208392 a multiple of 99?
True
Does 385 divide 3128895?
True
Is 40 a factor of 1169094?
False
Is 45 a factor of 7172595?
True
Does 21 divide 6482929?
False
Is 4890820 a multiple of 121?
True
Is 79985 a multiple of 12?
False
Does 7 divide 71190?
True
Does 113 divide 1735567?
True
Is 1742250 a multiple of 101?
True
Does 12 divide 484305?
False
Does 61 divide 220808?
False
Is 208307 a multiple of 424?
False
Does 15 divide 435273?
False
Is 2710197 a multiple of 7?
True
Does 120 divide 191280?
True
Is 24 a factor of 508033?
False
Is 526608 a multiple of 621?
True
Does 385 divide 53900?
True
Is 83486 a multiple of 34?
False
Is 187758 a multiple of 122?
True
Is 277812 a multiple of 12?
True
Is 19 a factor of 36499?
True
Does 67 divide 3306307?
False
Does 61 divide 1559879?
False
Is 90 a factor of 285197?
False
Is 55 a factor of 28270?
True
Is 24 a factor of 2383244?
False
Does 5 divide 211885?
True
Is 227045 a multiple of 62?
False
Does 5 divide 247654?
False
Is 132258 a multiple of 75?
False
Is 4 a factor of 2256912?
True
Is 1106648 a multiple of 4?
True
Is 1095413 a multiple of 100?
False
Is 64807 a multiple of 216?
False
Does 38 divide 981884?
False
Is 3 a factor of 68837?
False
Is 1199120 a multiple of 1040?
True
Is 128 a factor of 12116352?
True
Does 18 divide 61014?
False
Is 4330432 a multiple of 115?
False
Is 2 a factor of 13377?
False
Does 120 divide 14040?
True
Does 13 divide 17875?
True
Is 2614374 a multiple of 84?
False
Is 1366 a factor of 4500287?
False
Does 577 divide 615659?
True
Does 611 divide 18919895?
False
Does 14 divide 2238600?
True
Is 20 a factor of 408660?
True
Is 295176 a multiple of 4?
True
Does 3 divide 60918?
True
Is 8 a factor of 32632?
True
Is 4412256 a multiple of 328?
True
Does 385 divide 1347885?
True
Is 5343395 a multiple of 1247?
True
Is 50 a factor of 723142?
False
Does 28 divide 4124428?
True
Does 34 divide 3826972?
True
Does 46 divide 8236898?
True
Is 299048 a multiple of 4?
True
Is 25 a factor of 207050?
True
Is 3 a factor of 823395?
True
Is 732 a factor of 776652?
True
Does 244 divide 103456?
True
Does 5 divide 94165?
True
Is 323 a factor of 3376425?
False
Is 131037 a multiple of 84?
False
Is 468 a factor of 6055904?
False
Is 1802 a factor of 3020152?
True
Does 8 divide 247992?
True
Is 155763 a multiple of 9?
True
Does 64 divide 1122988?
False
Is 257 a factor of 263939?
True
Is 72 a factor of 45308?
False
Does 834 divide 7235701?
False
Is 55 a factor of 1207085?
True
Is 11 a factor of 157080?
True
Does 59 divide 333293?
False
Does 18 divide 1559358?
True
Does 183 divide 6453890?
False
Does 474 divide 2019714?
True
Is 50 a factor of 2530950?
True
Is 3 a factor of 19682?
False
Is 1555619 a multiple of 12?
False
Does 9 divide 6044832?
True
Does 1375 divide 2638625?
True
Is 8 a factor of 17799976?
True
Does 52 divide 1561092?
True
Is 210294 a multiple of 9?
True
Does 7 divide 50477?
True
Does 51 divide 3314?
False
Does 5 divide 2444430?
True
Does 44 divide 570872?
False
Does 98 divide 280280?
True
Is 239 a factor of 98946?
True
Does 233 divide 114942?
False
Is 500 a factor of 5005500?
True
Is 545498 a multiple of 6?
False
Does 4 divide 30544?
True
Is 403774 a multiple of 8?
False
Is 175234 a multiple of 47?
False
Is 13 a factor of 173602?
True
Does 14 divide 1922704?
True
Is 391104 a multiple of 24?
True
Does 25 divide 522720?
False
Is 48 a factor of 90912?
True
Is 7 a factor of 309025?
False
Is 314910 a multiple of 3?
True
Does 18 divide 4688154?
True
Is 38318 a multiple of 23?
True
Is 19 a factor of 247627?
True
Is 43225 a multiple of 3?
False
Is 19504651 a multiple of 393?
False
Does 8 divide 30160?
True
Is 2 a factor of 2582405?
False
Is 913 a factor of 1430345?
False
Is 8294670 a multiple of 15?
True
Does 733 divide 224799?
False
Does 5 divide 260925?
True
Does 228 divide 1660028?
False
Does 1036 divide 4146072?
True
Does 21 divide 1697935?
False
Is 836 a factor of 2797023?
False
Is 20978540 a multiple of 1142?
True
Is 346 a factor of 22797940?
True
Does 13 divide 810082?
True
Is 1790756 a multiple of 11?
True
Is 20168 a multiple of 17?
False
Does 23 divide 571218?
False
Does 23 divide 191268?
True
Is 18 a factor of 4260?
False
Is 71 a factor of 21761?
False
Is 113884 a multiple of 150?
False
Is 16 a factor of 885245?
False
Is 197 a factor of 260434?
True
Is 6 a factor of 1414085?
False
Does 13 divide 2080494?
True
Is 2481270 a multiple of 365?
True
Is 8 a factor of 861360?
True
Is 69 a factor of 158286?
True
Does 222 divide 469308?
True
Is 7 a factor of 2170693?
True
Is 40 a factor of 766480?
True
Is 679218 a multiple of 399?
False
Does 23 divide 521716?
False
Is 16 a factor of 450448?
True
Is 12384960 a multiple of 12?
True
Is 308 a factor of 3599960?
False
Is 405 a factor of 170734?
False
Does 56 divide 12964784?
True
Is 171 a factor of 647919?
True
Does 37 divide 144969?
False
Does 108 divide 283068?
True
Is 122 a factor of 355341?
False
Is 44 a factor of 2041012?
False
Does 10 divide 34390?
True
Is 45224 a multiple of 16?
False
Is 783736 a multiple of 135?
False
Does 29 divide 43616?
True
Is 44 a factor of 3192814?
False
Is 81 a factor of 1197037?
False
Is 2583106 a multiple of 68?
False
Is 1506234 a multiple of 51?
True
Is 970789 a multiple of 5?
False
Is 5 a factor of 34028?
False
Is 1735547 a multiple of 42?
False
Is 105749 a multiple of 7?
True
Does 33 divide 54054?
True
Is 738912 a multiple of 7?
False
Does 956 divide 1035777?
False
Does 12 divide 348804?
True
Is 310 a factor of 168640?
True
Is 179 a factor of 95230?
False
Does 20 divide 2391640?
True
Is 9 a factor of 91993?
False
Is 7141402 a multiple of 40?
False
Is 18 a factor of 891972?
True
Is 7196869 a multiple of 202?
False
Is 19909026 a multiple of 18?
True
Is 10088780 a multiple of 13?
True
Is 42 a factor of 4347504?
True
Does 129 divide 245270?
False
Is 22 a factor of 9710404?
True
Is 331 a factor of 1360160?
False
Does 35 divide 757050?
True
Does 1146 divide 6597365?
False
Is 22143 a multiple of 2?
False
Is 12896 a multiple of 104?
True
Does 17 divide 10115?
True
Does 298 divide 243466?
True
Is 11 a factor of 3774100?
True
Does 15 divide 799756?
False
Does 7 divide 1985788?
True
Does 43 divide 749608?
False
Is 817782 a multiple of 209?
False
Does 216 divide 2303532?
False
Does 1761 divide 2118483?
True
Does 38 divide 530626?
False
Is 4272704 a multiple of 291?
False
Is 81 a factor of 3426975?
False
Is 6888 a multiple of 84?
True
Does 116 divide 57304?
True
Is 400624 a multiple of 292?
True
Is 4567480 a multiple of 303?
False
Is 4746733 a multiple of 73?
False
Is 2397600 a multiple of 16?
True
Is 888260 a multiple of 134?
False
Is 43973 a multiple of 2?
False
Is 8 a factor of 8217?
False
Is 23 a factor of 25415?
True
Is 1115956 a multiple of 15?
False
Does 372 divide 221340?
True
Is 578677 a multiple of 11?
True
Does 35 divide 523232?
False
Is 192225 a multiple of 75?
True
Is 7 a factor of 3607261?
True
Is 105 a factor of 253519?
False
Is 26 a factor of 5150160?
False
Doe